 -4*d + 145 = 3*w - 3*d. List the prime factors of w.
7
Let n = -744 + 3141. List the prime factors of n.
3, 17, 47
Suppose -2*v + 13 + 11 = 0. Suppose -v*k = -13*k + 4. Suppose 0 = -3*s + k*r + 121, -s - 3*r = -69 + 7. What are the prime factors of s?
47
Let v = -7 - -12. Suppose v*s - 67 - 63 = 0. List the prime factors of s.
2, 13
Let m(n) be the first derivative of n**2 - 5*n + 5. Let r be m(4). Suppose -r*z - 2*z + 40 = 0. What are the prime factors of z?
2
What are the prime factors of 2/2 - ((-4)/4 + -1282)?
2, 3, 107
Suppose -4*p = -3*p - 3, 3*q = 4*p + 6. Suppose 0 = -4*f - k + 7 - 0, 15 = 5*k. Let x = q - f. What are the prime factors of x?
5
Let p be (-204)/(-54) + (-2)/(-9). Suppose 3*t - 185 = 5*f, -f - p*t + 0 - 14 = 0. What are the prime factors of f/((-5)/3 - -1)?
3, 17
Suppose 106 = 2*i + 4*n, n + 278 = 5*i - 2*n. Let s = -78 + i. Let h = 24 - s. List the prime factors of h.
47
Let t = -742 + 1532. What are the prime factors of t?
2, 5, 79
Suppose 0*o - 2*w = -2*o + 16, 0 = 2*o + 3*w - 11. Suppose 0 = 4*q - o - 1. Suppose q*c = -c + 114. List the prime factors of c.
2, 19
List the prime factors of 0 - -226 - (17 + -3 - 9).
13, 17
Let a(h) be the third derivative of h**5/15 + h**4/4 + h**3/6 + 11*h**2. What are the prime factors of a(-5)?
71
Suppose -80*t - 1301 = -l - 78*t, 4*l + 5*t - 5230 = 0. What are the prime factors of l?
3, 5, 29
Suppose 208 = 5*f - 37. List the prime factors of f.
7
Let w(m) = 17*m - 200. What are the prime factors of w(22)?
2, 3, 29
Let u(w) = 4*w**3 - 4*w**2 + 8*w + 8. Let j(x) = -9*x**3 + 7*x**2 - 17*x - 16. Let z(t) = 3*j(t) + 7*u(t). Let v = 5 + 1. What are the prime factors of z(v)?
2
Let b be (-37)/(-5) + 2/(-5). Suppose -r - 3 = -b. Suppose -3*p = -r*v - 4*p + 104, -2*v + 3*p + 66 = 0. What are the prime factors of v?
3
Suppose 19*d = 16*d + 9. Suppose -370 + 115 = -d*h. List the prime factors of h.
5, 17
Let i(n) = 6*n**2 + 14*n - 10. List the prime factors of i(-25).
2, 3, 5, 113
Let o(i) = 2*i**3 - 18*i**2 + i - 7. List the prime factors of o(14).
7, 281
Let a be -1 - (1 - 3)*9/6. Suppose -b + 2*j + 116 = a*b, -b = -4*j - 42. What are the prime factors of b?
2, 19
Let a = 19 + -16. Let t = a + 2. Suppose t*d - 57 = 193. What are the prime factors of d?
2, 5
Let k = 172 - 115. Let r = k - -25. What are the prime factors of r?
2, 41
Suppose -1740 = -14*s + 4*s. What are the prime factors of s?
2, 3, 29
Suppose 0 = -4*s + 2*q + 6, 2*s - 3*q = -0*s - 7. Suppose -2 = -s*g + 6. Suppose -g*f = -1 - 25. List the prime factors of f.
13
Suppose 0 = 3*u - 12, 7*b = 3*b - 4*u + 24. Suppose 4*r - 2*x - 472 = b*x, -x - 574 = -5*r. List the prime factors of r.
2, 3, 19
Let c(m) = m**2 - 8*m - 5. List the prime factors of c(-14).
3, 101
Suppose -v + i + 1 = 0, -4*v - 5*i + 31 = -0*i. What are the prime factors of v/6 - (-580)/12?
7
Let r be 6/(-2) + 3 + 0. Suppose r = -h + 4*g + 28, h - 25 = -4*h - 3*g. Suppose 63 = h*v - 5*v. List the prime factors of v.
3, 7
Suppose 0 = -4*c + 6*c + 2, -y - c + 10 = 0. Suppose 7 = 2*j + 3*t - y, -4 = -2*t. List the prime factors of j.
2, 3
Let i(z) = 5*z**2 - 18*z - 93. List the prime factors of i(16).
29, 31
Let y(l) = -l**2 + 18*l + 48. Let w be y(20). Let o(p) = -p + 22. What are the prime factors of o(w)?
2, 7
Let s(r) = -r**3 - r**2 + r + 4. Let i be s(5). Let m = i + 238. List the prime factors of m.
97
Let y be 2/(-11) + 136/22. Let k = 15 - y. List the prime factors of k.
3
Suppose 4*a - 3 = 3*a. Let m = a - -6. What are the prime factors of m/((-27)/(-132)) + 3?
47
Let k = 29 - 26. Suppose 5*f - 3*s - 437 = 0, 4*f - 283 = k*s + 69. What are the prime factors of f?
5, 17
Let m(i) = i**3 + 12*i**2 + 13*i + 94. List the prime factors of m(-10).
2, 41
Let b(x) = 41*x - 54. List the prime factors of b(14).
2, 5, 13
Let t be (-1*1)/((-9)/27). Suppose 4*s + t = 11. Let v = 11 - s. What are the prime factors of v?
3
Let h = 3 - -7. Let p be 65/(-26)*8/h. What are the prime factors of 7*(64/14 + p)?
2, 3
Suppose 32 = 3*v - 10. Suppose p - 2*y = y + 1, 49 = -3*p - 4*y. Let s = v + p. What are the prime factors of s?
3
Let n be (7 + -1)*126/(-12). Let g = 97 + n. List the prime factors of g.
2, 17
Let p be (-8)/(-36) + 4964/18. Suppose 5*d - 8*d + p = 0. List the prime factors of d.
2, 23
Suppose -76 = -4*h + 5*m, -5*h + m + 100 = -4*m. Let x = h + 44. What are the prime factors of x?
2, 17
Let m = 26 + -29. Let y be (76 - 1)*m/9. List the prime factors of (-3 + y)*(-5)/10.
2, 7
Suppose 2*f - 47 = -5*v, f + 2*v = 4*f - 23. Let i = f + -14. Let z = 7 + i. What are the prime factors of z?
2
Let t be (2/(-6))/((-19)/57). What are the prime factors of 58 - t*(0 + -1)?
59
List the prime factors of -6 + (314 - 4) - (2 - 8).
2, 5, 31
Suppose 4*x - 339 = -3*f - 29, x + 3*f = 73. Let b be ((-4)/(-18))/(26/468). Suppose -i = -b*l + 126, -x = -4*l - 2*i + 53. What are the prime factors of l?
2
Let d be (-514)/2*(1 - 3 - -3). Let o = -153 - d. What are the prime factors of o?
2, 13
Suppose 0 = 3*w + 6, 6*i + w - 12118 = 3*i. List the prime factors of i.
2, 5, 101
Suppose 0*o + 2*o = 3*l + 297, 0 = 5*o - 2*l - 737. Suppose 2*w - o = 67. List the prime factors of w.
107
Suppose 9 + 15 = -4*p. Let m be 2224/56 + (-4)/(-14). Let f = p + m. What are the prime factors of f?
2, 17
Suppose 8 = 4*y - 5*f - 0, 0 = -2*y + f + 4. Suppose -4*w - 1060 = -8*w + 2*a, -y*w + 4*a + 518 = 0. List the prime factors of w.
3, 89
Let i = 642 + -66. List the prime factors of i.
2, 3
Let v = -867 + 1936. What are the prime factors of v?
1069
Suppose 6 = -3*v + 12. Suppose v*f - m = 61, -2*f - 3*m = -f - 41. Let q = f - 7. List the prime factors of q.
5
Let d = 36 + 0. Let l = 50 + d. List the prime factors of l.
2, 43
Let f(h) = -55*h**2 + h - 3. Let k be f(-2). Let a = -114 - k. List the prime factors of a.
3, 37
Suppose -3*s - 1983 = -3*n, 12 = 5*s - 2*s. What are the prime factors of n?
5, 7, 19
Let x(o) be the third derivative of -o**7/630 - 13*o**6/360 - o**5/15 + 3*o**2. Let v(l) be the third derivative of x(l). List the prime factors of v(-11).
2, 31
Let r(o) = -1410*o**3 + 3*o**2 + 2*o + 1. What are the prime factors of r(-1)?
2, 353
Suppose 5*m - 241 = -3*q - 40, 3*q + 135 = 3*m. Let v be 3/2*(-28)/21. Let i = m - v. What are the prime factors of i?
2, 11
Suppose 0 = -m + 183 + 921. Suppose -3*j + 43 = -5*f + 1423, 2*j + m = 4*f. Suppose -5*d = x - f, -2*x - 5 = 3. What are the prime factors of d?
2, 7
List the prime factors of ((-4 - -4) + -1)/((-1)/1811).
1811
Suppose -3*r + 126 = 2*q, 0 = -r + 2 + 2. Suppose 0 = y + 2*y - q. List the prime factors of y.
19
Suppose -5*s - 15 = 0, 7*g - 4*g + 5*s = -3. Suppose g = 3*p + p. List the prime factors of (-25 + p)*(-18)/8.
2, 3
Let g(j) = j**2 + 5*j - 3. What are the prime factors of g(-12)?
3
Let u = 41 + -21. Let s be ((-16)/u)/(2/10). List the prime factors of 3/s - (-856)/32.
2, 13
Let x(v) = -11*v - 1. Let i be 3/(-18) + (-10)/12. Let s be x(i). Let j = s + -5. What are the prime factors of j?
5
Let a be 3 - (-2)/(-3 - -1). Suppose 109 = a*l + 1. List the prime factors of l*((-3)/2)/(-3).
3
Suppose 0 = 112*v - 51707 - 159077. What are the prime factors of v?
2, 941
Suppose -6*k = -2*p - 3*k + 921, 3*p - 4*k = 1383. What are the prime factors of p?
3, 5, 31
Let q = 2 - -6. Suppose -113*t + 116*t - 36 = 0. What are the prime factors of (162/t)/(6/q)?
2, 3
Let a = -301 - -346. What are the prime factors of a?
3, 5
Suppose 1409 = 234*x - 233*x. List the prime factors of x.
1409
Let l(p) = 62*p**2 - 40*p + 17. List the prime factors of l(7).
3, 5, 37
Let j(c) = -2*c**2 - 8*c + 3. Let d be j(-6). Let x = -282 - -241. Let r = d - x. List the prime factors of r.
2, 5
Let c(v) = 9*v**2 - 3*v. Suppose h - 15 = -5*p + 2*h, -p + 3*h = -17. Let o be c(p). Suppose 5*x + o = 255. List the prime factors of x.
3, 5
Suppose -7*o + 4*k = -2*o, 2*k - 2 = 2*o. Suppose -13 = o*h - 49. Suppose -15 = 3*c - 6, -w = 5*c + h. List the prime factors of w.
2, 3
Let x be (-454)/18 + (-10)/(-45). What are the prime factors of 313/5 - 10/x?
3, 7
Suppose -3*q - 4*j - 4 = j, -2*q - 36 = -5*j. Let f(i) be the first derivative of i**3/3 + 5*i**2/2 - i + 11. List the prime factors of f(q).
23
Suppose 29*b - 4713 = -653. List the prime factors of b.
2, 5, 7
Suppose 127 = -4*q + 2*n -